{"id":205,"date":"2021-05-21T23:29:51","date_gmt":"2021-05-21T20:29:51","guid":{"rendered":"http:\/\/salihabaykara.com\/?page_id=205"},"modified":"2021-05-22T00:43:19","modified_gmt":"2021-05-21T21:43:19","slug":"sikca-sorulan-sorular-s-s-s","status":"publish","type":"page","link":"https:\/\/salihabaykara.com\/index.php\/sikca-sorulan-sorular-s-s-s\/","title":{"rendered":"S\u0131k\u00e7a Sorulan Sorular &#8211; S.S.S"},"content":{"rendered":"<p class=\"p1\" style=\"text-align: justify;\"><span style=\"color: #00416d;\">S\u0131k\u00e7a Sorulan Sorular b\u00f6l\u00fcm\u00fcn\u00fcn alt ba\u015fl\u0131klar\u0131nda, \u00e7e\u015fitli konularla ilgili soru cevap bilgilerine ula\u015fabileceksiniz.<span class=\"Apple-converted-space\">\u00a0<\/span><\/span><\/p>\n","protected":false},"excerpt":{"rendered":"<p>S\u0131k\u00e7a Sorulan Sorular b\u00f6l\u00fcm\u00fcn\u00fcn alt ba\u015fl\u0131klar\u0131nda, \u00e7e\u015fitli konularla ilgili soru cevap bilgilerine ula\u015fabileceksiniz.\u00a0<\/p>\n","protected":false},"author":1,"featured_media":0,"parent":0,"menu_order":0,"comment_status":"closed","ping_status":"closed","template":"","meta":[],"_links":{"self":[{"href":"https:\/\/salihabaykara.com\/index.php\/wp-json\/wp\/v2\/pages\/205"}],"collection":[{"href":"https:\/\/salihabaykara.com\/index.php\/wp-json\/wp\/v2\/pages"}],"about":[{"href":"https:\/\/salihabaykara.com\/index.php\/wp-json\/wp\/v2\/types\/page"}],"author":[{"embeddable":true,"href":"https:\/\/salihabaykara.com\/index.php\/wp-json\/wp\/v2\/users\/1"}],"replies":[{"embeddable":true,"href":"https:\/\/salihabaykara.com\/index.php\/wp-json\/wp\/v2\/comments?post=205"}],"version-history":[{"count":3,"href":"https:\/\/salihabaykara.com\/index.php\/wp-json\/wp\/v2\/pages\/205\/revisions"}],"predecessor-version":[{"id":229,"href":"https:\/\/salihabaykara.com\/index.php\/wp-json\/wp\/v2\/pages\/205\/revisions\/229"}],"wp:attachment":[{"href":"https:\/\/salihabaykara.com\/index.php\/wp-json\/wp\/v2\/media?parent=205"}],"curies":[{"name":"wp","href":"https:\/\/api.w.org\/{rel}","templated":true}]}}